4962630 is divided by 51694?
6
What is the remainder when 3204130 is divided by 12?
10
Calculate the remainder when 1492411 is divided by 298457.
126
What is the remainder when 6324806 is divided by 109048?
22
What is the remainder when 1517900 is divided by 1516726?
1174
Calculate the remainder when 379802 is divided by 610.
382
Calculate the remainder when 210538167 is divided by 682.
675
What is the remainder when 208932 is divided by 3541?
13
Calculate the remainder when 248965 is divided by 62233.
33
What is the remainder when 6817086 is divided by 92?
70
What is the remainder when 390050 is divided by 97496?
66
What is the remainder when 879214294 is divided by 289?
287
Calculate the remainder when 112098818 is divided by 38.
34
What is the remainder when 249220 is divided by 516?
508
Calculate the remainder when 4697443 is divided by 108.
91
What is the remainder when 93796648 is divided by 1005?
1003
Calculate the remainder when 1687965 is divided by 241134.
27
Calculate the remainder when 197321 is divided by 49326.
17
What is the remainder when 698765 is divided by 29?
10
What is the remainder when 12454653 is divided by 258?
219
What is the remainder when 20338448 is divided by 1713?
1712
What is the remainder when 238559 is divided by 29816?
31
Calculate the remainder when 7852941 is divided by 1341.
45
Calculate the remainder when 13728420 is divided by 514.
508
What is the remainder when 171878575 is divided by 1256?
1255
What is the remainder when 1057301 is divided by 19949?
4
What is the remainder when 3067998 is divided by 1533999?
0
Calculate the remainder when 25621290 is divided by 6667.
9
What is the remainder when 8166107 is divided by 100816?
11
Calculate the remainder when 223921 is divided by 6965.
1041
Calculate the remainder when 217731 is divided by 43538.
41
What is the remainder when 1688202 is divided by 240?
42
Calculate the remainder when 2596781 is divided by 29.
5
Calculate the remainder when 908001 is divided by 43111.
2670
Calculate the remainder when 2246502 is divided by 20995.
37
What is the remainder when 177670 is divided by 761?
357
What is the remainder when 1527645 is divided by 130?
15
What is the remainder when 1841389 is divided by 1354?
1303
What is the remainder when 1698126 is divided by 362?
346
What is the remainder when 483797 is divided by 10680?
3197
What is the remainder when 952001 is divided by 119000?
1
Calculate the remainder when 5777250 is divided by 29.
15
What is the remainder when 4080897 is divided by 1265?
7
Calculate the remainder when 1738096 is divided by 8563.
8370
Calculate the remainder when 51800 is divided by 12950.
0
Calculate the remainder when 268627 is divided by 927.
724
Calculate the remainder when 5046 is divided by 928.
406
Calculate the remainder when 10800419 is divided by 946.
883
What is the remainder when 14062351 is divided by 402?
391
What is the remainder when 2064864 is divided by 1744?
1712
What is the remainder when 195857 is divided by 20?
17
Calculate the remainder when 1259627 is divided by 1752.
1691
What is the remainder when 459494 is divided by 96?
38
What is the remainder when 6589183 is divided by 263566?
33
Calculate the remainder when 1926665 is divided by 529.
47
What is the remainder when 21971641 is divided by 161554?
297
Calculate the remainder when 201734 is divided by 97922.
5890
What is the remainder when 629111 is divided by 314433?
245
Calculate the remainder when 199517931 is divided by 354.
345
Calculate the remainder when 86748 is divided by 10824.
156
What is the remainder when 857767 is divided by 61265?
57
What is the remainder when 31916359 is divided by 1240?
1239
Calculate the remainder when 1332912 is divided by 42996.
36
Calculate the remainder when 5143427 is divided by 3375.
3302
Calculate the remainder when 6726 is divided by 1474.
830
What is the remainder when 432472 is divided by 9610?
22
Calculate the remainder when 1844139 is divided by 184406.
79
What is the remainder when 2163977 is divided by 580?
577
What is the remainder when 20086 is divided by 17721?
2365
What is the remainder when 43015704 is divided by 68?
60
Calculate the remainder when 8700677 is divided by 1393.
1392
What is the remainder when 5499800 is divided by 68?
28
What is the remainder when 13295596 is divided by 102?
100
What is the remainder when 1288074 is divided by 1123?
1116
Calculate the remainder when 271856 is divided by 7.
4
What is the remainder when 1878244 is divided by 1194?
82
What is the remainder when 1442154 is divided by 96139?
69
Calculate the remainder when 147596 is divided by 36892.
28
What is the remainder when 22607632 is divided by 271?
270
What is the remainder when 67976027 is divided by 505?
502
What is the remainder when 54960706 is divided by 1978?
1976
Calculate the remainder when 19419443 is divided by 18.
17
What is the remainder when 698143 is divided by 139292?
1683
What is the remainder when 551478 is divided by 1514?
382
What is the remainder when 1839161 is divided by 9731?
2
Calculate the remainder when 7796278 is divided by 3850.
28
What is the remainder when 146937 is divided by 2535?
2442
What is the remainder when 440599 is divided by 24427?
913
What is the remainder when 14355 is divided by 6099?
2157
What is the remainder when 733826 is divided by 19833?
5
What is the remainder when 323187506 is divided by 4559?
4555
Calculate the remainder when 2027142 is divided by 12.
6
Calculate the remainder when 3963371 is divided by 152435.
61
Calculate the remainder when 343726 is divided by 42964.
14
Calculate the remainder when 6086435 is divided by 340.
95
Calculate the remainder when 4144102 is divided by 4144096.
6
Calculate the remainder when 937895 is divided by 1419.
1355
Calculate the remainder when 3141352 is divided by 35295.
97
What is the remainder when 48046492 is divided by 3?
1
Calculate the remainder when 236831 is divided by 39001.
2825
Calculate the remainder when 93477125 is divided by 10386344.
29
Calculate the remainder when 18904932 is divided by 15.
12
Calculate the remainder when 598777 is divided by 85536.
25
Calculate the remainder when 3786438 is divided by 538.
532
Calculate the remainder when 66856 is divided by 5152.
5032
Calculate the remainder when 1601249 is divided by 87.
14
Calculate the remainder when 376601 is divided by 93731.
1677
What is the remainder when 144642757 is divided by 17728?
5
Calculate the remainder when 451172 is divided by 81.
2
What is the remainder when 4594797 is divided by 4?
1
Calculate the remainder when 704212 is divided by 44004.
148
Calculate the remainder when 70784 is divided by 2766.
1634
Calculate the remainder when 527246 is divided by 131810.
6
What is the remainder when 488814 is divided by 183?
21
What is the remainder when 903929 is divided by 77?
26
What is the remainder when 5359809 is divided by 1747?
13
Calculate the remainder when 444636 is divided by 3394.
22
Calculate the remainder when 8521468 is divided by 2249.
7
Calculate the remainder when 144468 is divided by 3593.
748
Calculate the remainder when 256779207 is divided by 4634.
4633
Calculate the remainder when 2373405 is divided by 201.
198
Calculate the remainder when 60048678 is divided by 188.
162
Calculate the remainder when 10203737 is divided by 24.
17
What is the remainder when 72785597 is divided by 346?
345
Calculate the remainder when 34119768 is divided by 43.
42
Calculate the remainder when 3748699 is divided by 1652.
311
Calculate the remainder when 2803436 is divided by 5926.
438
Calculate the remainder when 6810303 is divided by 328.
39
What is the remainder when 290124 is divided by 1511?
12
What is the remainder when 168562 is divided by 6261?
5776
What is the remainder when 1704818 is divided by 765?
398
What is the remainder when 885878 is divided by 1605?
1523
Calculate the remainder when 5577606 is divided by 1859183.
57
Calculate the remainder when 85056 is divided by 186.
54
Calculate the remainder when 165200 is divided by 27451.
494
What is the remainder when 37878857 is divided by 3837?
3830
Calculate the remainder when 297591 is divided by 7630.
21
What is the remainder when 100198 is divided by 10995?
1243
What is the remainder when 7134